e the first derivative of d**4/4 - 10*d**3/3 - 4*d**2 - 24*d + 12. What is the remainder when 61 is divided by k(11)?
7
Let k be (1 - (-12)/(-4))*-4. Let o = k + -1. Calculate the remainder when 31 is divided by o.
3
Suppose 50 = 5*y - 1190. Suppose -5*p + y = -p. Let a = 21182 - 21165. Calculate the remainder when p is divided by a.
11
Suppose -5*v + 10 = -0. Suppose 0 = c - 4*w + 1 - v, -5*c + 39 = -3*w. Calculate the remainder when (66/(-4))/(2/(-4)) is divided by c.
6
Suppose -69 = 50*h - 294 - 275. Let g(m) = -5*m - 7. Suppose 4*a - a = -15. Calculate the remainder when g(a) is divided by h.
8
Suppose m - 58 = -3*g, 3*m - g = -6*g + 158. Let f = m - 23. Suppose -5*z + 72 = 4*c, 3*c - 5*z + 7 = 2*c. What is the remainder when f is divided by c?
10
Let b = -602 - -646. Calculate the remainder when 1054 is divided by b.
42
Let s be (-6 - -9 - -2) + -1. Suppose 105 = 2*y + 3*y. Calculate the remainder when (-82)/(-1 - (-2)/s*-2) is divided by y.
20
Suppose -4*d + 94 = 3*a, 0*a + 3*a - 62 = 4*d. What is the remainder when (-43)/(19/(-76) + 3/(-4)) is divided by a?
17
Suppose -7*h = -1 - 251. Calculate the remainder when 395 is divided by h.
35
Let j(p) = 74*p**3 + 2*p - 2. Suppose 2*i - 3*f - 46 = 10, 0 = 5*i + 3*f - 119. What is the remainder when j(1) is divided by i?
24
Suppose -3*i - i - 261 = 5*f, f - 279 = 4*i. Let d = i + 98. What is the remainder when 110 is divided by d?
23
Let j(v) = -v**3 - 7*v**2 - 2*v + 12. Calculate the remainder when 257 is divided by j(-7).
23
Suppose 13*t + 180 = 9*t. Let l = t + 31. Calculate the remainder when 18 is divided by (-222)/(-42) + 4/l.
3
Suppose -9*w - w = -70. Calculate the remainder when 74 is divided by w.
4
Let g(x) = x**2 + 2. Let m be g(-3). Let o = m + 10. Let q = 6 + 5. Calculate the remainder when o is divided by q.
10
Let t = 225 + -201. Let s(q) be the third derivative of -q**5/60 + q**4/24 + 47*q**3/3 + 2*q**2. Calculate the remainder when s(0) is divided by t.
22
Let k(x) = -x**3 + 10*x**2 - 7*x - 11. Calculate the remainder when k(9) is divided by 3.
1
Suppose j - 14 = -4*x, -j - 5*x - 14 = -5*j. Suppose 5*p + j = -9. What is the remainder when (-5 - -25) + (-3)/p is divided by 12?
9
Calculate the remainder when (48/22 + (-4)/22)*88 is divided by 18.
14
Suppose x - 5*c = 23, 0 = -4*x - 4*c + 77 + 15. What is the remainder when x is divided by (-2)/((-4)/18) - 1?
7
Let c = 19 - 8. Calculate the remainder when 993/24 + (-6)/16 is divided by c.
8
Suppose 8 + 8 = 4*z. Let k(g) = 2*g**2 - 2*g + 3. Let u be (2 - -1) + 11/(-11). Calculate the remainder when k(u) is divided by z.
3
Suppose 8*d - 176 = -0*d. What is the remainder when 82 is divided by d?
16
Let o be 68/7 + (-2)/(-7). Suppose -o*m = -6*m - 220. Calculate the remainder when m is divided by 14.
13
Suppose -4*n = 0, n = -5*w + w - 8. Calculate the remainder when 15 is divided by (-1)/((w*1/12)/1).
3
Let v(c) = c**2 - 9*c - 4. Let a be v(-10). Suppose 3*g = -2*f - f + a, -5*f + 82 = g. What is the remainder when g is divided by 11 + 2 - (-9)/((-27)/(-6))?
12
Suppose -3*z + 2*f - 17 = 0, 5*z - f + 41 = -4*f. Let a(n) = 2*n**2 + 8*n - 2. What is the remainder when 117 is divided by a(z)?
37
Let l be (-42)/(-10) - 11/55. Suppose -3*q + 45 = -l*c + 4, -4*q - 2*c + 18 = 0. Let v = 68 + -43. What is the remainder when v is divided by q?
4
Suppose 4*z = 4*r + r - 59, 3*z - 4*r = -45. Let x be (-130)/(-11) + (-2)/z. Calculate the remainder when 83 is divided by 126/(-3)*(-8)/x.
27
Let f(a) = 83*a - 56. Calculate the remainder when 77 is divided by f(1).
23
Suppose -8*o + 19 - 67 = 0. What is the remainder when o + 3 - (-29 + -6) is divided by 11?
10
Suppose 137 = 19*s - 965. Let p = 162 - 47. Calculate the remainder when p is divided by s.
57
Let g = -2 + 11. Suppose -2*p = -31 - 15. Let v = g + p. Calculate the remainder when v is divided by 11.
10
Suppose 81 = m - 25. Suppose -4*j + 2*s + m = 0, j - s + 5*s = 31. Calculate the remainder when 133 is divided by j.
25
Let k = -3263 - -3318. Let p(d) = 3*d**2 + 2. What is the remainder when k is divided by p(3)?
26
Suppose 31*d - 28861 = 12*d. Calculate the remainder when d is divided by 16.
15
Let u = -2638 + 2878. What is the remainder when u is divided by 41?
35
Let t be 5 + (-3 - 0)*1. Suppose -22 = -f + t*b, -3*f = 4*b + b - 110. What is the remainder when f is divided by 17?
13
Let y(m) = 2*m**2 - m - 4. Let o be 2 - 28/16 - (-38)/8. What is the remainder when 120 is divided by y(o)?
38
Let j = -116 + 132. What is the remainder when (-1 - 15/10)*j/(-5) is divided by 3?
2
Let d(f) = -67*f - 188. What is the remainder when 174 is divided by d(-4)?
14
Suppose -34 = -w + 171. Suppose -b + 26 = 2*l - 59, 5*l - w = 5*b. Calculate the remainder when 27 is divided by l/30*(4 + 1).
6
Suppose -4*p - 295 = -803. Suppose 3*k + w - p = -w, -164 = -4*k - 4*w. Suppose 0*r + 5*r - 60 = 0. Calculate the remainder when k is divided by r.
9
Let t(b) = -b + 50. Calculate the remainder when t(-18) is divided by 37.
31
Suppose -5*o - 3*d + 4*d = -440, 3*d - 768 = -9*o. Calculate the remainder when 99 is divided by o.
12
Suppose -57*o + 366*o - 16377 = 0. Calculate the remainder when o is divided by 1/4 + (-62)/(-8).
5
Let n(p) = 5*p**2 - 9*p - 42. What is the remainder when n(-10) is divided by 10?
8
Suppose 4333 - 1345 = 12*n. What is the remainder when n is divided by 88?
73
Suppose -2*r + h = -3*h - 20, -5*h = -r + 22. Suppose 160 = 5*t - 3*g, 0 = r*t + g - 40 - 13. Calculate the remainder when t is divided by 8.
5
Let i be (-20)/(-6)*(-24)/(-20). Suppose 0 = -f - 3*f - 56. What is the remainder when 25 is divided by f/i*4/(-1)?
11
Let p = 806 - -17. Calculate the remainder when p is divided by 23.
18
Let x(g) = 6*g + 8. Let v be x(-6). Calculate the remainder when 80 is divided by (-3)/((4 - (-108)/v)*-1).
17
Suppose -5*z + 475 = -4*j, 277 = 4*z + j - 82. Calculate the remainder when z is divided by 6.
1
Let j(i) = -i + 16. Let k be (-1)/(-3) + (-1)/3. What is the remainder when (702/(-63) - -8)*-14 is divided by j(k)?
12
Suppose -2*f = -2*z - 398, -f + 205 = 8*z - 11*z. Calculate the remainder when f is divided by 62.
10
Let s = 31 + -17. Suppose s*z = 17*z. Calculate the remainder when (z + 2)/((-1)/(-5)) is divided by 6.
4
Let o be 0/(3*(5 + -4)). Let v be (o + 1)*(20 - 77). Let s = 81 + v. What is the remainder when s is divided by 5?
4
Suppose 2*h - 6654 + 6558 = 0. Let d = 16 + 0. What is the remainder when h is divided by d?
0
Let f = 192 - 91. What is the remainder when f is divided by 38?
25
Suppose -42 = -5*n + 103. Let j = 30 + 7. Let g = j + -29. What is the remainder when n is divided by g?
5
What is the remainder when 11*7/21*9 is divided by 23?
10
What is the remainder when 159 is divided by (-2 - -4) + (33 - 8)?
24
Let j(y) = y + 49. What is the remainder when 236 is divided by j(-1)?
44
Let p = -19 + 17. What is the remainder when (2*1)/(6/75) is divided by (-1)/(0 - p/(-28))?
11
Calculate the remainder when 326 is divided by (-19)/(-6) + 5/6 + 0.
2
Suppose -3*g + 12 + 29 = v, -104 = -4*v + 3*g. Suppose 26*u + 46 = -214. Let l = u + v. Calculate the remainder when 54 is divided by l.
16
Let x = 10 - 14. Let r = 1 - x. Suppose r*t - 4*j = 49, 7 = t - j - 3. What is the remainder when 16 is divided by t?
7
Let s = 96 + -62. Let n = -16 + s. Calculate the remainder when 32 is divided by n.
14
Suppose 5*d - 52 = 18. What is the remainder when 81 is divided by d?
11
Let t(y) = -y**3 - 7*y**2 - 4*y. Let n be t(-5). Let x = n + 37. Calculate the remainder when x is divided by 4.
3
Let q(x) be the third derivative of x**6/120 - x**5/60 - x**3/2 + x**2. Calculate the remainder when (-4)/20 - ((-1746)/10)/3 is divided by q(3).
13
Let y = 4 - -6. Let x be (2/((-4)/2))/(-1). Suppose -86 = -5*i - x. What is the remainder when i is divided by y?
7
Suppose -386 = m - 391. What is the remainder when 63 is divided by m?
3
Let s = 122 - 126. Calculate the remainder when 5 is divided by (24/16)/((-6)/s).
0
Let a = 762 + -680. Calculate the remainder when 324 is divided by a.
78
Suppose -17*i = 65*i - 164. Calculate the remainder when 105 is divided by i.
1
Suppose 4*p - 8 = 0, -2*p - 58 = 3*f - 155. What is the remainder when f is divided by ((-6)/4)/(1/(-6))?
4
Let b = 13 - -131. Let j = b + -130. 